{"id":35,"date":"2021-07-20T19:58:33","date_gmt":"2021-07-20T17:58:33","guid":{"rendered":"http:\/\/autour-emeric-et-anthony.fr\/?page_id=35"},"modified":"2025-08-24T16:49:54","modified_gmt":"2025-08-24T14:49:54","slug":"foulees-demeric-et-anthony","status":"publish","type":"page","link":"https:\/\/autour-emeric-et-anthony.fr\/index.php\/foulees-demeric-et-anthony\/","title":{"rendered":"15\u00e8mes Foul\u00e9es d&rsquo;Emeric et Anthony le Vendredi 05 septembre 2025"},"content":{"rendered":"\n<h2 class=\"wp-block-heading\">INSCRIPTION : <a href=\"https:\/\/www.nextrun.fr\/course\/inscriptions-avis\/sport\/4639\/foulees-d-emeric-et-anthony\/2025\" data-type=\"link\" data-id=\"https:\/\/www.nextrun.fr\/course\/inscriptions-avis\/sport\/4639\/foulees-d-emeric-et-anthony\/2025\">https:\/\/www.nextrun.fr\/course\/inscriptions-avis\/sport\/4639\/foulees-d-emeric-et-anthony\/2025<\/a><\/h2>\n\n\n\n<p class=\"has-text-align-center has-vivid-red-color has-text-color\">REGLEMENT DES COURSES<\/p>\n\n\n\n<p class=\"has-text-align-center\">19 h 20 : D\u00e9part de la Course des Petits Princes (5 kms mesur\u00e9s)<br>Populaires hommes et femmes<br>Minimes gar\u00e7ons et filles n\u00e9s en 2011\/2012<br>Engagement 9 \u20ac (11 \u20ac sur place)<br>Coupes aux 3 premiers H et F<\/p>\n\n\n\n<p class=\"has-text-align-center\">19 h 30 : D\u00e9part des Foul\u00e9es d\u2019Emeric et Anthony (10 kms mesur\u00e9s)<br>Cadets, Juniors, S\u00e9niors, Espoir, Masters H et F<br>Engagement 11 \u20ac (13 \u20ac sur place)<br>R\u00e9compenses aux 5 premiers H et F et \u00e0 l\u2019\u00e9quipe le plus repr\u00e9sent\u00e9e.<\/p>\n\n\n\n<p class=\"has-text-align-center\">Organisateur : St\u00e9phane LE JEUNE T\u00e9l. 06.66.55.98.80<br>Adresse : 19bis rue de la Croix Nergan 22980 VILDE GUINGALAN<\/p>\n\n\n\n<p class=\"has-text-align-center\">Inscriptions sur le site NEXTRUN jusqu&rsquo;au 04 septembre 2025 \u00e0 18 heures ( mais toujours possible sur place apr\u00e8s cette date )<br><\/p>\n\n\n\n<p class=\"has-text-align-center\">Modalit\u00e9s d\u2019inscriptions :<br>\u26ab Licenci\u00e9s FFA et triathl\u00e8tes : licence de l\u2019ann\u00e9e en cours<br>\u26ab Non licenci\u00e9s FFA MAJEURS : Depuis le 1er avril 2024, le parcours de pr\u00e9vention sant\u00e9, remplace les certificats m\u00e9dical pour les athl\u00e8tes non licenci\u00e9s participants \u00e0 une comp\u00e9tition running.<br>\u26ab Autorisation parentale exig\u00e9e pour les mineurs<br><br>Remise des dossards \u00e0 partir de 17 h 30 \u00e0 la Maison du Temps Libre de VILDE GUINGALAN<\/p>\n\n\n\n<div class=\"wp-block-group\"><div class=\"wp-block-group__inner-container is-layout-flow wp-block-group-is-layout-flow\">\n<div class=\"wp-block-group\"><div class=\"wp-block-group__inner-container is-layout-flow wp-block-group-is-layout-flow\">\n<p class=\"has-text-align-center has-vivid-cyan-blue-color has-text-color\" style=\"font-size:22px\"><br>Les b\u00e9n\u00e9fices serviront int\u00e9gralement \u00e0 soutenir l&rsquo;Association PETITS PRINCES  <\/p>\n\n\n\n<p class=\"has-text-align-center has-vivid-cyan-blue-color has-text-color\" style=\"font-size:22px\">qui r\u00e9alise les r\u00eaves des enfants gravement malades \u00e0 PARIS  <\/p>\n\n\n\n<p class=\"has-text-align-center has-vivid-cyan-blue-color has-text-color\" style=\"font-size:22px\">et le service HEMATO-ONCOLOGIE H\u00f4pital sud de Rennes<\/p>\n<\/div><\/div>\n\n\n\n<p class=\"has-text-align-center has-vivid-cyan-blue-color has-text-color\">Voir notre page <a href=\"http:\/\/autour-emeric-et-anthony.fr\/index.php\/nos-actions\/\">NOS ACTIONS<\/a> pour en savoir plus.<\/p>\n<\/div><\/div>\n\n\n<div class=\"wp-block-image\">\n<figure class=\"aligncenter size-full\"><img loading=\"lazy\" decoding=\"async\" width=\"1275\" height=\"1270\" src=\"https:\/\/autour-emeric-et-anthony.fr\/wp-content\/uploads\/2022\/07\/Logo-35ans-Petits-Princes.png\" alt=\"\" class=\"wp-image-378\" srcset=\"https:\/\/autour-emeric-et-anthony.fr\/wp-content\/uploads\/2022\/07\/Logo-35ans-Petits-Princes.png 1275w, https:\/\/autour-emeric-et-anthony.fr\/wp-content\/uploads\/2022\/07\/Logo-35ans-Petits-Princes-300x300.png 300w, https:\/\/autour-emeric-et-anthony.fr\/wp-content\/uploads\/2022\/07\/Logo-35ans-Petits-Princes-1024x1020.png 1024w, https:\/\/autour-emeric-et-anthony.fr\/wp-content\/uploads\/2022\/07\/Logo-35ans-Petits-Princes-150x150.png 150w, https:\/\/autour-emeric-et-anthony.fr\/wp-content\/uploads\/2022\/07\/Logo-35ans-Petits-Princes-768x765.png 768w\" sizes=\"auto, (max-width: 1275px) 100vw, 1275px\" \/><\/figure>\n<\/div>\n\n\n<p><\/p>\n\n\n\n<div class=\"wp-block-buttons is-content-justification-center is-layout-flex wp-container-core-buttons-is-layout-16018d1d wp-block-buttons-is-layout-flex\"><\/div>\n\n\n\n<p><\/p>\n\n\n\n<h2 class=\"wp-block-heading has-text-align-center\"><strong>Certificatif de mesurage de la course <\/strong><\/h2>\n\n\n<div class=\"wp-block-image\">\n<figure class=\"aligncenter size-large\"><img loading=\"lazy\" decoding=\"async\" width=\"558\" height=\"788\" src=\"https:\/\/autour-emeric-et-anthony.fr\/wp-content\/uploads\/2021\/07\/Certificat-enregistrement-mesurage-2.png\" alt=\"\" class=\"wp-image-172\" srcset=\"https:\/\/autour-emeric-et-anthony.fr\/wp-content\/uploads\/2021\/07\/Certificat-enregistrement-mesurage-2.png 558w, https:\/\/autour-emeric-et-anthony.fr\/wp-content\/uploads\/2021\/07\/Certificat-enregistrement-mesurage-2-212x300.png 212w\" sizes=\"auto, (max-width: 558px) 100vw, 558px\" \/><figcaption class=\"wp-element-caption\">la certification officielle de la FFA<\/figcaption><\/figure>\n<\/div>","protected":false},"excerpt":{"rendered":"<p>INSCRIPTION : https:\/\/www.nextrun.fr\/course\/inscriptions-avis\/sport\/4639\/foulees-d-emeric-et-anthony\/2025 REGLEMENT DES COURSES 19 h 20 : D\u00e9part de la Course des Petits Princes (5 kms mesur\u00e9s)Populaires hommes et femmesMinimes gar\u00e7ons et filles n\u00e9s en 2011\/2012Engagement 9 \u20ac (11 \u20ac sur place)Coupes aux 3 premiers H et F 19 h 30 : D\u00e9part des Foul\u00e9es d\u2019Emeric et Anthony (10 kms mesur\u00e9s)Cadets, Juniors, [&hellip;]<\/p>\n","protected":false},"author":1,"featured_media":37,"parent":0,"menu_order":0,"comment_status":"closed","ping_status":"closed","template":"","meta":{"footnotes":""},"class_list":["post-35","page","type-page","status-publish","has-post-thumbnail","czr-hentry"],"_links":{"self":[{"href":"https:\/\/autour-emeric-et-anthony.fr\/index.php\/wp-json\/wp\/v2\/pages\/35","targetHints":{"allow":["GET"]}}],"collection":[{"href":"https:\/\/autour-emeric-et-anthony.fr\/index.php\/wp-json\/wp\/v2\/pages"}],"about":[{"href":"https:\/\/autour-emeric-et-anthony.fr\/index.php\/wp-json\/wp\/v2\/types\/page"}],"author":[{"embeddable":true,"href":"https:\/\/autour-emeric-et-anthony.fr\/index.php\/wp-json\/wp\/v2\/users\/1"}],"replies":[{"embeddable":true,"href":"https:\/\/autour-emeric-et-anthony.fr\/index.php\/wp-json\/wp\/v2\/comments?post=35"}],"version-history":[{"count":52,"href":"https:\/\/autour-emeric-et-anthony.fr\/index.php\/wp-json\/wp\/v2\/pages\/35\/revisions"}],"predecessor-version":[{"id":488,"href":"https:\/\/autour-emeric-et-anthony.fr\/index.php\/wp-json\/wp\/v2\/pages\/35\/revisions\/488"}],"wp:featuredmedia":[{"embeddable":true,"href":"https:\/\/autour-emeric-et-anthony.fr\/index.php\/wp-json\/wp\/v2\/media\/37"}],"wp:attachment":[{"href":"https:\/\/autour-emeric-et-anthony.fr\/index.php\/wp-json\/wp\/v2\/media?parent=35"}],"curies":[{"name":"wp","href":"https:\/\/api.w.org\/{rel}","templated":true}]}}